 r?
3
Let c be 16/(-12) + (-4)/(-3). Suppose 2*a + 15 = 4*d + 5*a, -4*d - a + 13 = c. Suppose 30 = 4*q - d*q. What is the tens digit of q?
3
Let q = -404 - -558. What is the tens digit of q?
5
Let q = -48 + 8. Let b = -25 - q. What is the tens digit of b?
1
Let t(s) be the third derivative of -s**7/1680 + 17*s**6/720 + 7*s**5/60 - 3*s**2. Let n(y) be the third derivative of t(y). What is the units digit of n(-7)?
8
Let p(v) = -v**3 + 8*v**2 - 7*v + 5. Let w be p(7). Suppose -w*g = 25, 20 = a - 5*g - 5. Suppose -5*h + 1 + 134 = a. What is the units digit of h?
7
Suppose -3*y = 2*t - 3*t - 6, -5*t - y - 110 = 0. Suppose -2*c + 76 = -24. Let i = c + t. What is the tens digit of i?
2
Suppose 0 = -6*d + 4*d + 8. Let y = d + -4. Suppose x + 3 = y, -4*a + 13 = x - 0*x. What is the units digit of a?
4
What is the thousands digit of (-11)/(-11)*4759 + -11?
4
Let z(q) = -310*q + 224. What is the tens digit of z(-6)?
8
Let m(t) = t**3 - 7*t**2 + 6*t. Let u be m(6). Let l be u*(5 - (6 + -2)). Suppose 0 = -l*p - p + 42. What is the units digit of p?
2
Suppose 7*y = 4*y - 27. What is the tens digit of (-543)/y + (-4)/(-6)?
6
Let f(r) = -r**3 - r + 117 + 1174*r**2 - 1174*r**2. What is the tens digit of f(0)?
1
Let j = 92 + -88. Suppose 4*r + 73 = 3*d, -j*r - 96 = -4*d - 0*r. What is the units digit of d?
3
Let a(b) = 33*b + 3. Suppose 9*v = 10 + 8. What is the units digit of a(v)?
9
Suppose 27 - 366 = 3*y. Let f = -41 - y. What is the tens digit of f?
7
Let k be 20/(-5) + (-3 - (-2 - -2311)). What is the tens digit of k/(-28) - 12/(-42)?
8
Suppose 0 = -5*u - 22*w + 24*w + 21610, 5*u = 3*w + 21605. What is the tens digit of u?
2
Suppose 4*v + 2*c - 2250 = 0, -4*v = -c + 87 - 2322. What is the tens digit of v?
6
Suppose 6543 - 34527 = -16*b. What is the tens digit of b?
4
Suppose -j + 5 = 0, 2*x + 5*j + 0*j - 29 = 0. Let o(q) = 3 + 4*q + 2*q**3 - q**3 - 8*q + 0*q**3 - q**x. What is the units digit of o(3)?
9
Let w = 49 - -238. What is the units digit of w?
7
Let q(n) = 3*n + 7. Let r(k) = -k**3 - 6*k**2 - 7*k - 4. Let h = -4 + -1. Let m be r(h). What is the tens digit of q(m)?
2
Let c be ((4/(-5))/2)/((-21)/(-315)). Let d be 1/(-2) - (-610)/(-4). What is the units digit of (2/3)/(c/d)?
7
Suppose 4*h = 6*h + 18. Let a(g) = -g**3 - 10*g**2 - 14*g - 7. What is the tens digit of a(h)?
3
Suppose 0 = -y - 4*k + 6 - 20, -2*y + 5*k + 24 = 0. Suppose -2*o - 76 = 2*j - 3*j, -y*o = 2*j - 128. What is the units digit of j?
8
Suppose 3*c = 7*c - 3004. What is the units digit of c?
1
Let s(o) = -o + 3. Let h be s(0). Suppose 0 = -5*y + y + 176. Suppose 5*b - 9 = -4*r + y, 0 = h*r - 5*b - 66. What is the units digit of r?
7
Let q(b) = 77*b**2 - 2*b - 1. Let s(j) = 2*j - 9. Let a be s(4). What is the tens digit of q(a)?
7
Let r(t) = -t**2 - 30*t + 2. What is the tens digit of r(-29)?
3
Let h(t) = t**3 - 27*t**2 + 24*t + 51. Let w be h(26). Let s = 30 - w. What is the tens digit of s?
3
Let n(q) = -q**3 - 23*q**2 + 33*q + 11. Let j be n(-24). Let u = -126 - j. What is the tens digit of u?
7
Let p be 0 - ((-8)/(-8) - -3). Let b(f) = -6*f - f + 2 - 3*f. What is the tens digit of b(p)?
4
Suppose -4*f = f + 10. Let t be 2 + f/3*-9. What is the units digit of -2*((-180)/t + -1)?
7
Let q = 30 - -247. Suppose 5*a - q = -2. What is the units digit of a?
5
Let c(l) = 14*l + 31. Let i be c(-7). Let z = 211 + i. What is the tens digit of z?
4
Suppose 4*w = w - 18. What is the tens digit of (9/w)/(27/(-1548))?
8
Let q(w) = 8*w**3 - 9*w**3 - 4*w - 11*w + 20*w**2 - 21. What is the tens digit of q(19)?
5
Let x(z) = -z - 1. Let w be x(5). What is the units digit of w/27 - (-17872)/72?
8
Let q = -71 - -74. Suppose y = 4*o + 111, 139 = q*y - o - 194. What is the hundreds digit of y?
1
Suppose 4*z - 8 = 0, 3*w - 52 = -2*z + 72. Suppose w = y - 4*b - 103, b + 542 = 4*y. What is the hundreds digit of y?
1
Suppose 5*p = k + 13, 2*p + 2*k + 2*k = -8. Suppose z + 238 = p*u, 4*u - 3*z - 422 = 56. What is the tens digit of u?
1
Let k be 618/12 - 1/2. Let g = 75 - k. Let y = g - 10. What is the tens digit of y?
1
Let h be (-7 - -5)*(-2 + 1). What is the units digit of h/4*-2 - 85*-1?
4
What is the tens digit of 62/(((-4)/(-114))/((-4)/(-12)))?
8
Let l(h) = -h**3 + 3*h**2 + 2*h - 5. Let q be l(3). Suppose k = -2*s + q, 3*s - 3*k = -6*k. What is the units digit of s?
1
Let u(q) = 10*q + 3*q**2 - 1 - 4 - 2*q**2 + 4. Let w be u(-11). Suppose 0 = -2*r + r + w. What is the units digit of r?
0
Suppose -2*c = -8*d + 4*d - 28, 14 = c + d. Suppose -17*z + 624 = -c*z. What is the tens digit of z?
0
Let p(o) = 177*o**3 + o**2 - 4*o + 3. What is the tens digit of p(1)?
7
Let f be (12/(-15))/(4/70). Let d = -1 - f. What is the tens digit of d?
1
Suppose 4*s - 615 = 5*m, -s + 2*m + 86 = -64. Let i = -61 + s. What is the tens digit of i?
9
Suppose -3824 = -2*g - 3*w, 6*w - 5735 = -3*g + w. What is the hundreds digit of g?
9
Let q be (-1 + 6)/((-16)/(-176)). Suppose 0 = 12*o - q - 545. What is the units digit of o?
0
Let i = -80 + -127. Let p = i - -307. What is the tens digit of p?
0
Suppose 4*p - 3*p = 23. Suppose 0 = t + 5 - 0. Let c = t + p. What is the tens digit of c?
1
Suppose 80 = 3*f - 424. Suppose -3*q - f = -7*q - 2*u, 3*q = -5*u + 133. What is the tens digit of q?
4
Suppose q + 2*l - 5263 = 7*l, 3*q = 2*l + 15854. What is the tens digit of q?
8
Suppose -5*h = 5, -4*v + 0*v + 133 = -h. Suppose 6*y + 30 = y. Let n = v + y. What is the units digit of n?
7
Let i(j) = 4*j**2 - 76*j - 69*j - 12 + 150*j. What is the hundreds digit of i(5)?
1
Let q(t) = -t**3 + 7*t**2 - t + 9. Let p be q(7). Suppose -p*r = 4*c + 85 + 17, 3 = -3*c. Let y = -36 - r. What is the tens digit of y?
1
Suppose 0*u - 3*d - 22 = -5*u, 0 = u - 5*d - 22. Suppose 5*i - z = u*z - 477, -3*i - 295 = -4*z. What is the units digit of (-2)/10 - i/15?
6
Suppose 3*l - 5*v + 200 = 0, 0*l + 4*l + 286 = -3*v. What is the tens digit of (-40)/(l/15 - -4)?
6
Suppose 16*g + 1288 = 3784. What is the hundreds digit of g?
1
Suppose 4*c + 3*g - 4*g = 632, 0 = c - g - 155. Suppose 3*f = c + 81. What is the units digit of f?
0
Suppose j - 184 = -3*j. Let v = j + 7. What is the tens digit of v?
5
Let v = -33 - -47. Let u be -2 - (-3)/6*v. Suppose 147 = u*s + 47. What is the tens digit of s?
2
Let g = -255 - -525. What is the tens digit of g?
7
Let d be 11/(44/648) + -3. Suppose -d*v + 161*v - 442 = 0. What is the units digit of v?
1
Let v = 91 - 87. Suppose 12 = -3*i, -w - 3*i = -0*w + 5. Suppose -v*x + 43 = w. What is the units digit of x?
9
Let x = -97 - -107. Let y = -5 + 7. Suppose -3*i - y*i - x = 0, 3*i = 2*v - 50. What is the units digit of v?
2
Let v = 265 - -2437. What is the tens digit of v?
0
Let x(b) = -b**3 + 7*b**2 + 10*b - 1. Let l = 18 - 10. Let i be x(l). What is the units digit of (i/9)/(3/36)?
0
What is the units digit of (-32)/28*(-42)/12 - -3002?
6
Let g(r) = -5*r - 25. Let t be g(-6). What is the tens digit of (-2)/t - (-1323)/45?
2
Suppose 4*v = 11*v. Suppose -2*r - 5*j - 5 = -44, r + j - 12 = v. What is the units digit of r?
7
Let s be ((-15)/9 - -4)*9. Let o be (-150)/(-35) + (-6)/s. Suppose o*x - 84 = -4*u, 5*x + 4*u = 65 + 40. What is the units digit of x?
1
Let o = 222 + 131. What is the hundreds digit of o?
3
Suppose 7 = 5*d + 107. Suppose 82 = -3*c + c. Let q = d - c. What is the units digit of q?
1
Suppose 5*x = 7 + 38. Let c be 2/x + (-94)/18. Let j(q) = q**2 + 5*q + 3. What is the units digit of j(c)?
3
Let x = 21 + -21. Suppose x = -5*o + 5*n + 30, 2*o + n + 6 = -3*n. Suppose 0 = o*s + q - 2*q - 192, -5*q = -4*s + 245. What is the units digit of s?
5
Suppose -5*m - 14 + 34 = 0. Let f = 400 - 253. Suppose m*k - k = f. What is the units digit of k?
9
Suppose y - 506 - 227 = 3*w, 2*w = 2*y - 1454. What is the hundreds digit of y?
7
Let m = -5 + 0. Let f be m - -2 - (-4 - -90). Let o = 134 + f. What is the units digit of o?
5
Suppose -g + 365 = 4*f - 1509, 0 = -3*f + 5*g + 1394. What is the units digit of f?
8
Suppose 0 = 2*g - 11*g + 21519. What is the hundreds digit of g?
3
Let a(z) = -8*z + 2. Let p = 0 + 15. Let j = 12 - p. What is the tens digit of a(j)?
2
Let s(r) = -r**3 + 6*r**2 + 4*r - 5. Suppose -4*d = 5*z - 26, 0*z + 10 = 2*d + z. What is the tens digit of s(d)?
4
What is the tens digit of (84/(-8))/((-1)/2)?
2
Suppose -4